 the highest common divisor of 406 and 59479?
203
Calculate the greatest common divisor of 25729 and 33.
11
What is the highest common factor of 2954 and 37980?
422
What is the highest common divisor of 56 and 71568?
56
What is the greatest common factor of 7950 and 9222?
318
Calculate the greatest common factor of 427446 and 18.
18
What is the highest common divisor of 20478 and 21?
3
What is the highest common factor of 112 and 24262?
14
What is the greatest common divisor of 201 and 199995?
201
What is the highest common factor of 3950214 and 114?
114
What is the highest common divisor of 81202 and 462?
22
Calculate the highest common factor of 26264 and 44488.
536
Calculate the highest common divisor of 95520 and 384.
96
Calculate the highest common factor of 1921 and 87462.
113
Calculate the greatest common factor of 45 and 2099790.
45
Calculate the greatest common factor of 8344 and 448.
56
What is the highest common factor of 285 and 49780?
95
What is the highest common factor of 27346 and 2904?
242
Calculate the highest common divisor of 1483696 and 1880.
376
Calculate the highest common factor of 440 and 962390.
110
Calculate the greatest common factor of 555 and 279165.
555
What is the greatest common factor of 14 and 11496772?
14
Calculate the greatest common divisor of 6851 and 10478.
403
What is the greatest common divisor of 41377 and 161?
161
Calculate the greatest common factor of 39153 and 12741.
93
What is the greatest common factor of 3893 and 16259?
229
Calculate the highest common divisor of 4113 and 3771.
9
What is the greatest common factor of 6 and 57348?
6
What is the greatest common divisor of 210 and 1978410?
210
Calculate the highest common divisor of 21 and 1113511.
7
Calculate the greatest common divisor of 504 and 28368.
72
Calculate the highest common divisor of 117 and 66027.
39
What is the greatest common divisor of 66 and 88286?
22
Calculate the highest common divisor of 951 and 35187.
951
Calculate the highest common divisor of 108160 and 650.
130
What is the greatest common factor of 30 and 392025?
15
What is the greatest common divisor of 99737 and 198?
11
Calculate the highest common divisor of 60104 and 88.
88
What is the greatest common factor of 585 and 60255?
585
What is the greatest common divisor of 2346 and 430236?
102
Calculate the highest common divisor of 223984 and 32.
16
What is the highest common factor of 42 and 577986?
6
What is the highest common divisor of 705 and 35610?
15
Calculate the greatest common divisor of 19728 and 528.
48
Calculate the highest common factor of 140164 and 4707.
523
What is the greatest common divisor of 225 and 44985?
15
What is the highest common factor of 15974 and 2254?
98
Calculate the greatest common divisor of 983864 and 24.
8
What is the greatest common divisor of 882 and 191198?
98
Calculate the highest common divisor of 221168 and 1472.
368
Calculate the greatest common divisor of 3016 and 18212.
116
Calculate the greatest common divisor of 1101328 and 16.
16
What is the highest common factor of 5632 and 833792?
256
What is the highest common divisor of 214720 and 3680?
160
What is the highest common factor of 132 and 102498?
66
What is the highest common factor of 503172 and 432?
108
Calculate the greatest common divisor of 5070 and 13858.
338
Calculate the highest common factor of 308 and 37114.
154
Calculate the greatest common divisor of 253 and 18958049.
253
Calculate the highest common divisor of 684220 and 20.
20
What is the greatest common divisor of 507 and 61022?
13
What is the highest common factor of 150 and 119778?
6
What is the highest common divisor of 5494 and 1139?
67
Calculate the greatest common factor of 391 and 248251.
17
Calculate the greatest common factor of 34476 and 15444.
156
What is the greatest common divisor of 3015 and 489435?
1005
What is the highest common factor of 28953 and 36?
9
Calculate the greatest common factor of 900 and 59600.
100
Calculate the highest common factor of 39 and 3681600.
39
Calculate the greatest common factor of 1120 and 245.
35
What is the highest common divisor of 8355498 and 534?
534
What is the greatest common divisor of 51771 and 6?
3
Calculate the highest common factor of 14560 and 64.
32
What is the highest common factor of 2205 and 7434?
63
What is the greatest common factor of 99157 and 29011?
433
What is the highest common divisor of 600 and 776?
8
Calculate the greatest common divisor of 73 and 143664.
73
Calculate the greatest common factor of 5621 and 335654.
803
What is the highest common divisor of 11819 and 265?
53
What is the greatest common divisor of 24 and 5898?
6
What is the greatest common divisor of 4032 and 13062?
42
What is the highest common divisor of 455 and 1742065?
65
Calculate the highest common divisor of 370 and 395.
5
What is the highest common factor of 18659 and 47?
47
What is the highest common divisor of 242 and 376?
2
What is the highest common divisor of 1092 and 448?
28
Calculate the highest common divisor of 91656 and 3268.
76
Calculate the highest common divisor of 27180 and 3980.
20
What is the highest common divisor of 852 and 1956?
12
Calculate the highest common factor of 336 and 678636.
84
What is the greatest common divisor of 3552 and 1221?
111
Calculate the highest common factor of 15 and 985785.
15
What is the highest common factor of 647492 and 4?
4
What is the highest common factor of 13768 and 56?
8
What is the greatest common divisor of 1768 and 18088?
136
What is the greatest common factor of 16861 and 403?
13
Calculate the highest common factor of 486 and 8910.
162
Calculate the highest common factor of 2688347 and 698.
349
Calculate the greatest common divisor of 1593 and 54.
27
Calculate the greatest common factor of 110 and 142670.
110
What is the highest common divisor of 187 and 7344?
17
What is the greatest common divisor of 36012 and 36?
12
Calculate the greatest common factor of 7575 and 9393.
303
What is the greatest common factor of 989 and 309299?
43
Calculate the highest common factor of 47 and 9635.
47
Calculate the highest common divisor of 378 and 2700.
54
Calculate the greatest common divisor of 950 and 28367.
19
What is the greatest common divisor of 59960 and 120?
40
What is the highest common factor of 36 and 1636356?
12
What is the greatest common divisor of 534 and 109?
1
What is the greatest common factor of 15380 and 20?
20
Calculate the highest common factor of 29 and 706933.
29
What is the highest common divisor of 30 and 24770?
10
What is the highest common factor of 416 and 105136?
16
Calculate the greatest common factor of 192 and 199776.
96
What is the greatest common divisor of 8401 and 74525?
271
Calculate the greatest common factor of 11109 and 55608.
21
What is the highest common factor of 4 and 542452?
4
Calculate the highest common factor of 19 and 1642379.
19
What is the highest common divisor of 1632 and 2703?
51
Calculate the greatest common factor of 648 and 5556.
12
What is the greatest common divisor of 1104 and 84576?
48
Calculate the highest common divisor of 348112 and 32.
16
What is the highest common factor of 21760 and 12410?
170
Calculate the highest common divisor of 6192 and 747.
9
Calculate the greatest common divisor of 24 and 16235496.
24
Calculate the highest common divisor of 256 and 80.
16
What is the greatest common factor of 22804 and 124?
4
What is the greatest common factor of 707127 and 123?
123
What is the greatest common factor of 82 and 11603?
41
What is the greatest common divisor of 492952 and 3096?
344
What is the highest common divisor of 160 and 105260?
20
Calculate the greatest common factor of 7 and 21021.
7
What is the greatest common factor of 451708 and 8?
4
What is the highest common factor of 71761 and 1?
1
Calculate the greatest common factor of 1763741 and 591.
197
What is the highest common divisor of 2898 and 1794?
138
Calculate the highest common divisor of 92 and 214958.
46
What is the highest common divisor of 247 and 53443?
13
Calculate the greatest common factor of 153 and 6871995.
153
Calculate the greatest common factor of 615 and 5445.
15
What is the greatest common factor of 1820 and 820?
20
Calculate the highest common divisor of 1936 and 124.
4
Wh